 545338 a multiple of 38?
True
Is 141 a factor of 16527476?
False
Is 19 a factor of 46303?
True
Is 23 a factor of 58788?
True
Does 17 divide 37805613?
False
Is 21 a factor of 5838?
True
Does 8 divide 273144?
True
Is 393294 a multiple of 22?
True
Does 83 divide 76961?
False
Is 22 a factor of 6050?
True
Is 3 a factor of 26317?
False
Is 23 a factor of 6402790?
False
Does 6 divide 1767005?
False
Is 501350 a multiple of 20?
False
Does 103 divide 12102500?
True
Does 8 divide 3973656?
True
Is 21 a factor of 167255?
False
Does 434 divide 10194121?
False
Is 709709 a multiple of 20?
False
Is 2381596 a multiple of 98?
True
Is 5 a factor of 632880?
True
Does 29 divide 3276?
False
Is 51 a factor of 456552?
True
Is 164242 a multiple of 13?
True
Does 16 divide 231696?
True
Is 11789 a multiple of 59?
False
Is 12012523 a multiple of 43?
True
Is 55 a factor of 694210?
True
Is 189 a factor of 1753920?
True
Is 8059890 a multiple of 138?
True
Is 993825 a multiple of 9?
True
Is 825320 a multiple of 174?
False
Does 6 divide 678624?
True
Does 214 divide 1316528?
True
Is 116 a factor of 593157?
False
Is 1702374 a multiple of 16?
False
Is 103 a factor of 2613419?
True
Does 44 divide 4946658?
False
Is 481 a factor of 557303?
False
Is 890 a factor of 3650037?
False
Is 722 a factor of 683577?
False
Is 49 a factor of 2691227?
True
Is 22464885 a multiple of 63?
False
Is 9 a factor of 845038?
False
Is 848144 a multiple of 39?
False
Does 25 divide 7531430?
False
Is 132 a factor of 941952?
True
Is 58 a factor of 258657?
False
Does 62 divide 191208?
True
Is 43 a factor of 10755762?
True
Is 3774501 a multiple of 193?
True
Is 99 a factor of 724779?
True
Does 36 divide 2554918?
False
Does 713 divide 2956098?
True
Is 809 a factor of 710785?
False
Is 4333021 a multiple of 49?
True
Does 198 divide 5059959?
False
Is 255 a factor of 41998?
False
Does 2 divide 424138?
True
Does 6 divide 9624?
True
Is 444 a factor of 1413696?
True
Is 324688 a multiple of 364?
True
Is 7551369 a multiple of 27?
False
Is 181 a multiple of 2?
False
Does 3 divide 11200?
False
Is 410 a factor of 1306670?
True
Is 1338640 a multiple of 145?
True
Is 5 a factor of 125607?
False
Is 12029560 a multiple of 191?
False
Is 134 a factor of 813696?
False
Is 334749 a multiple of 51?
False
Is 8601299 a multiple of 119?
False
Does 78 divide 3888106?
False
Does 215 divide 221020?
True
Is 20 a factor of 1885660?
True
Is 522 a factor of 186876?
True
Is 47 a factor of 88219?
True
Does 84 divide 10209024?
True
Is 35 a factor of 20352780?
True
Is 1001022 a multiple of 66?
True
Is 41 a factor of 207501?
True
Does 49 divide 6871?
False
Is 245618 a multiple of 11?
False
Is 1004250 a multiple of 618?
True
Is 6450920 a multiple of 27?
False
Is 22 a factor of 10765170?
False
Does 26 divide 74938?
False
Is 61 a factor of 592503?
False
Is 11 a factor of 2016070?
False
Is 77 a factor of 6540768?
False
Is 4753676 a multiple of 212?
True
Does 20 divide 2161720?
True
Is 7 a factor of 276278?
False
Does 90 divide 1736859?
False
Does 15 divide 4478862?
False
Is 321 a factor of 738038?
False
Is 110 a factor of 345706?
False
Is 261780 a multiple of 273?
False
Is 20071 a multiple of 9?
False
Is 4 a factor of 30457?
False
Is 20 a factor of 32520?
True
Is 61 a factor of 40616?
False
Is 329924 a multiple of 14?
True
Is 94 a factor of 2935996?
True
Is 185 a factor of 133709?
False
Is 59 a factor of 2278639?
True
Is 2949452 a multiple of 11?
True
Does 257 divide 3085883?
False
Is 819840 a multiple of 24?
True
Is 107 a factor of 74900?
True
Does 174 divide 363335?
False
Does 3 divide 82709?
False
Is 236 a factor of 183372?
True
Is 270684 a multiple of 657?
True
Does 41 divide 1734956?
True
Does 88 divide 144583?
False
Is 2 a factor of 437859?
False
Is 84065 a multiple of 85?
True
Is 7674582 a multiple of 456?
False
Is 169 a factor of 834686?
False
Does 165 divide 457380?
True
Is 834 a factor of 5587787?
False
Does 181 divide 222630?
True
Is 16 a factor of 34608?
True
Is 134 a factor of 247907?
False
Does 224 divide 348768?
True
Does 272 divide 466513?
False
Is 991561 a multiple of 57?
False
Is 783 a factor of 4328424?
True
Does 23 divide 3022039?
True
Does 21 divide 8072693?
False
Is 702227 a multiple of 67?
True
Does 158 divide 1807337?
False
Does 21 divide 35261?
False
Is 15750244 a multiple of 15?
False
Does 684 divide 3615624?
True
Is 254808 a multiple of 17?
False
Is 533420 a multiple of 17?
False
Is 10736 a multiple of 22?
True
Is 2432520 a multiple of 29?
True
Is 1999618 a multiple of 521?
False
Is 3724802 a multiple of 14?
False
Is 3611496 a multiple of 588?
True
Does 8 divide 27768?
True
Does 11 divide 3315928?
True
Does 24 divide 1244088?
True
Is 8058277 a multiple of 892?
False
Is 104328 a multiple of 276?
True
Does 186 divide 2799943?
False
Is 42660 a multiple of 12?
True
Is 474568 a multiple of 274?
True
Does 81 divide 2796525?
True
Is 5188892 a multiple of 15?
False
Is 11 a factor of 202290?
True
Is 870315 a multiple of 36?
False
Is 13 a factor of 200824?
True
Is 2 a factor of 431712?
True
Does 3 divide 1634130?
True
Is 1275987 a multiple of 900?
False
Does 9 divide 1402173?
True
Is 1865752 a multiple of 14?
True
Is 16 a factor of 2124113?
False
Is 88 a factor of 1253028?
False
Is 71208 a multiple of 92?
True
Is 29 a factor of 134531?
True
Does 509 divide 3589977?
True
Does 209 divide 483331?
False
Is 227794 a multiple of 371?
True
Is 53444 a multiple of 50?
False
Is 68 a factor of 13660724?
True
Is 132581 a multiple of 21?
False
Does 24 divide 116112?
True
Does 179 divide 1689577?
False
Is 10140431 a multiple of 78?
False
Does 51 divide 40515?
False
Is 62415 a multiple of 9?
True
Is 108120 a multiple of 10?
True
Is 357660 a multiple of 45?
True
Is 4 a factor of 3137?
False
Is 997688 a multiple of 8?
True
Is 3029 a multiple of 14?
False
Is 100 a factor of 2301586?
False
Does 987 divide 20995906?
False
Is 209 a factor of 389576?
True
Is 96 a factor of 700320?
True
Does 7 divide 1555998?
False
Is 87 a factor of 61916?
False
Is 11 a factor of 32782?
False
Is 234 a factor of 1357162?
False
Does 232 divide 12865591?
False
Does 373 divide 8130654?
True
Does 60 divide 133080?
True
Does 509 divide 2425028?
False
Is 914940 a multiple of 12?
True
Is 858 a factor of 1902465?
False
Is 5497474 a multiple of 719?
True
Is 486 a factor of 957420?
True
Is 447 a factor of 1947132?
True
Does 733 divide 332782?
True
Is 307850 a multiple of 10?
True
Is 21880 a multiple of 8?
True
Is 52 a factor of 1286774?
False
Does 11 divide 261683?
False
Does 86 divide 297560?
True
Is 1100160 a multiple of 32?
True
Is 907 a factor of 30439827?
True
Is 790705 a multiple of 86?
False
Does 13 divide 779077?
True
Is 4 a factor of 595996?
True
Is 310 a factor of 288610?
True
Is 928320 a multiple of 19?
False
Does 2 divide 1119?
False
Is 1364 a factor of 1306712?
True
Does 23 divide 13849358?
True
Is 6 a factor of 24316?
False
Is 47 a factor of 2252710?
True
Is 22 a factor of 4751736?
True
Is 287472 a multiple of 339?
True
Is 230 a factor of 1953487?
False
Is 3 a factor of 752553?
True
Is 584145 a multiple of 9?
True
Is 77 a factor of 74690?
True
Is 39 a factor of 5937811?
False
Does 2 divide 123?
False
Is 88682 a multiple of 22?
True
Is 99627 a multiple of 38?
False
Is 14386248 a multiple of 648?
True
Does 7 divide 5544?
True
Does 241 divide 36239?
False
Does 135 divide 309555?
True
Is 222075 a multiple of 3?
True
Does 13 divide 567541?
True
Is 54 a factor of 786110?
False
Is 17 a factor of 102272?
True
Is 9 a factor of 6099?
False
Does 56 divide 14784?
True
Is 35384464 a multiple of 305?
False
Is 5171424 a multiple of 309?
True
Does 911 divide 5686462?
True
Is 16 a factor of 864176?
True
Is 1172986 a multiple of 15?
False
Is 26 a factor of 2293331?
False
Does 84 divide 8789340?
True
Does 49 divide 12468823?
False
Does 37 divide 203907?
True
Is 7 a factor of 857318?
True
Is 97 a factor of 229551?
False
Is 1051420 a multiple of 10?
True
Does 270 divide 32670?
True
Does 37 divide 1255187?
False
Is 53 a factor of 29731?
False
Is 2065009 a multiple of 19?
False
Is 68918 a multiple of 17?
True
Is 3157414 a multiple of 97?
False
Is 1354590 a multiple of 145?
True
Is 35 a factor of 1204735?
True
Does 84 divide 157271?
False
Does 12 divide 10006548?
True
Is 508981 a multiple of 11?